) be the first derivative of m**4/4 - 5*m**3/3 - m**2/2 - 7*m - 30. Let t = 3493 - 3488. Give l(t).
-12
Let n(k) = -2*k**2 + 8*k + 9. Let q(i) = -314*i + 2834. Let a be q(9). Calculate n(a).
-55
Let k = 3243 - 3256. Let j(f) = -9*f**2 - 18*f - 14. Let g(n) = 7*n**2 + 17*n + 15. Let y(s) = -4*g(s) - 3*j(s). Determine y(k).
-5
Suppose 5*x - 18 = -x. Let i(u) = 18*u**2 - 20*u**2 + 0*u - 2*u + 3*u**x. Suppose 2*n - 4*f + 12 = 0, -2*n - f = -0*f - 8. Calculate i(n).
12
Let l(q) be the third derivative of q**4/24 - 41*q**3/6 + 5*q**2 - 16. Calculate l(-23).
-64
Let c = 172 + -163. Let a(m) = c*m - 5*m - 125 + 122. Calculate a(2).
5
Let p(d) = -2*d - 39. Let s be (-4 + 45/(-27) + 6)*-66. Determine p(s).
5
Let s(p) = 7*p - p + p**3 + p + 7*p**2. Let a(q) = 2*q**3 + 149*q**2 - 382*q + 226. Let u be a(-77). Calculate s(u).
15
Let z(f) be the third derivative of 0 + 11*f**2 + 0*f - 1/6*f**3 - 1/24*f**4 - 1/15*f**5. Let d = 6 - 8. Calculate z(d).
-15
Let i(p) = -p**2 + 6. Let t = -93 - -109. Suppose -t = -s - 18, 0 = w - 4*s - 2. Determine i(w).
-30
Let j(a) = a**3 + 6*a**2. Let w(d) = -10*d**3 - 34*d**2 - 40*d - 10. Let c(n) = -12*j(n) - w(n). Determine c(-20).
10
Suppose 0 = 14*x - 46 - 10. Suppose 2*d = -2*u + 24, -x*d + 0 - 1 = -3*u. Let m(t) be the first derivative of -t**2/2 + 7*t - 12. Give m(u).
0
Let j(y) = -10*y**3 + 7*y**2 - 14*y - 2. Let a(s) = -7*s**3 + 5*s**2 - 10*s - 2. Let f(o) = 7*a(o) - 5*j(o). Calculate f(0).
-4
Let m be (15 - 0) + 0/(-2). Let l(n) = 3*n**2 - 21*n + 6. Let q be l(0). Suppose -2*c - 15 = -q*c + 3*z, m = c + 3*z. Let a(k) = k + 2. Determine a(c).
8
Suppose 2*g - 1 = 3. Suppose 7 = -4*u - n - 2*n, 5*n = g*u - 3. Let i(a) = -a - 7. Let y(t) = -2. Let f(b) = i(b) - 3*y(b). Give f(u).
0
Let y(f) = -2*f + 12. Let q be y(4). Let d(l) be the first derivative of -l**4/4 + l**3 + 3*l**2/2 + 9*l + 209. Calculate d(q).
5
Let f(h) = h**2 - 30*h + 31. Suppose 585*i - 5336 = 401*i. Give f(i).
2
Let z(g) be the first derivative of g**3/3 - g**2/2 + 7*g - 227. What is z(8)?
63
Let j(p) = -20*p**3 + 19*p**3 - 6*p - 17 - 4 - 10*p**2 - 6*p + 5. What is j(-9)?
11
Let m = 8634 + -8645. Let l(q) = 2*q**2 + 19*q - 7. Determine l(m).
26
Let j(t) = -1 - t**2 + t**2 - 8*t**2 + 2*t. Suppose 3*n - h - 9 = 0, 3*n - 3*h = -h + 6. Suppose -5*d - r = -1, -3*d - 8*r = -n*r + 13. Calculate j(d).
-7
Let m(t) be the third derivative of -t**6/120 - 3*t**5/20 - t**4/4 + 26*t**3/3 - 1708*t**2. Calculate m(-7).
-4
Let o be -3 - 2 - (-2)/2. Let p(y) = -y. Let n(k) = 3*k + 3. Let c = 538 + -539. Let z(h) = c*n(h) + o*p(h). Determine z(6).
3
Let f(j) be the third derivative of -j**5/30 - j**4/3 + 13*j**3/3 - 25*j**2 - 3*j. What is f(-6)?
2
Let j(t) = t - 7. Suppose 4*i = 4*m + 44, 2*i + 38 = -4*m + 3*i. Let u(k) = -4*k + 30. Let x(b) = m*j(b) - 2*u(b). What is x(6)?
-3
Suppose 2*f + 6 = 6*f + 10. Let g(b) = 15*b + 50. What is g(f)?
35
Let c(p) = 2*p**2 + p + 1. Let l(h) = -5*h**2 + h - 3. Let m(b) = -2*c(b) - l(b). Give m(-4).
29
Let a = 636 - 629. Let q(j) = 12*j - 106. Determine q(a).
-22
Let v(l) = l**3 + 5*l**2 + 2. Let b(f) = 6*f + 0*f - 5*f + 23. Let d be b(-10). Suppose d*g = 18*g + 25. Give v(g).
2
Let l = 10562 - 10557. Let n(h) = -15*h + 67. Determine n(l).
-8
Suppose -4*x + 10 = 5*c, 4*x - 18 + 44 = c. Let v(h) = 2*h**2 + 5*h. Determine v(c).
102
Let z(t) be the second derivative of t**4/6 + 11*t**3/3 + 4*t**2 - 715*t. Give z(-10).
-12
Let g = -25812 + 25807. Let n(o) = -o**3 - o**2 + 17*o - 11. What is n(g)?
4
Let x(m) be the third derivative of -1/12*m**5 + 100*m**2 - 1/2*m**3 + 0*m - 1/8*m**4 + 0 + 1/120*m**6. What is x(4)?
-31
Let n(z) = -z**3 - 3*z**2 - 4*z - 22. Let s be n(-5). Let p be (s/(-30))/(2/10) - -2. Let f(c) = c**3 + 7*c**2 + 8*c + 8. Determine f(p).
-4
Let h(j) = -4*j + 6*j - j + 4. Let p be (133/(-2))/(-7) + 1/(-2). Suppose p*f = -8*f - 153. Give h(f).
-5
Let z be 1/(-3) + 4/(-6). Let g(i) be the second derivative of 5*i**3/3 + i**2/2 - 5*i + 2. What is g(z)?
-9
Let r(l) be the third derivative of -5*l**4/24 - l**3/3 + 561*l**2. Let c be ((-9)/27)/(3*(-1)/(-18)). Determine r(c).
8
Let z(k) be the third derivative of k**6/120 - 13*k**5/60 + 7*k**4/4 - 7*k**3/6 + 344*k**2. Give z(8).
9
Let x(h) = h**2 + 8*h - 38. Let w = -11015 + 11005. Calculate x(w).
-18
Let y(w) = -29*w**2 - w - 1. Suppose -10*h + 175 = 25*h. Let j be 54/(-135)*h/2. Determine y(j).
-29
Let h(n) be the second derivative of 7*n**4/3 - n**2/2 - 1465*n. Calculate h(1).
27
Let x(q) be the second derivative of q**5/10 - 13*q**4/12 - 25*q**3/6 + 15*q**2/2 - 136*q + 8. Determine x(8).
7
Let a(i) = -i**3 + 6*i**2 + 8*i - 10. Let j = -283 - -285. Suppose 13*t - 9*t + 3*o = 19, -15 = -3*t - j*o. Calculate a(t).
-3
Let w(p) = -171*p - 15 + 10*p**2 - 195*p - p**3 + 348*p. Calculate w(7).
6
Suppose -5*j + 14 = -2*s, 5*s = 4*j - 0*j - 18. Suppose -j*u - 2 = 0, -3*u + 15 = 5*r - 7. Let m(w) = w**3 + r*w - 2 + 6*w - 8*w. Determine m(2).
12
Let i = -35 - -41. Let l(s) = -10 + 0*s**3 - s**3 - i*s + 6*s + s. Suppose -4*j - 16 = 5*q, 0*q = -5*q - j - 4. Give l(q).
-10
Let r(l) = -l - 25. Let u(d) = -309*d + 921. Let h be u(3). Calculate r(h).
-19
Let w(i) = 2*i - 5. Let h(j) = 5*j - 11. Let v be h(16). Let t be (184/v)/((-6)/(-45)*5). Calculate w(t).
3
Let z = -718 - -725. Let q(l) be the first derivative of l**5/120 + 5*l**4/12 + 2*l**3 + 7. Let g(n) be the third derivative of q(n). What is g(z)?
17
Let c(x) = -4*x**3 + 12*x**2 - 34*x + 81. Let n be c(9). Let f = n - -2167. Let h(b) be the first derivative of 2*b**3/3 + b**2 - 1. What is h(f)?
4
Let r(t) = t**3 - 2*t**2 + 2*t - 3. Let s(o) = -o**3 + 8*o**2 + 12*o + 7. Let n be s(7). Let d be (n/21 - 6)*18/4. Calculate r(d).
12
Suppose -4*y = 16, 0 = 5*j - 4*y - y - 50. Let c(s) = 1 + 10*s - 5 - 6*s + 0 - j*s. What is c(4)?
-12
Let r(w) = 1 + 60*w**3 + 58*w**3 + 0*w - w**2 + 3*w + 57*w**3 - 178*w**3. Calculate r(3).
-80
Let p(h) = -2*h. Let n be (-2)/13 + 105/91. Suppose 18*j - n + 37 = 0. Determine p(j).
4
Let b(u) = -3*u - 32. Suppose 5*o - 35 = 0, -11*o - 71 = 4*a - 16*o. Determine b(a).
-5
Let f(v) = 2*v**3 - 463*v**2 - 7*v + 480*v**2 + 6*v - v**3 - 13. Determine f(-17).
4
Let j be 21/9 - 6/18. Suppose -g + 28 = 5*i, 2*g + 0*g + i = 29. Suppose -j*d - 10 - g = 3*x, -3*x = d + 19. Let h(w) = -2*w - 4. Give h(x).
6
Let j(i) = -i**2 + 16*i + 136. Let v(t) = 1063*t + 8526. Let h be v(-8). Give j(h).
4
Let r(w) = -w**3 - 52*w**2 - 2*w - 92. Let y be r(-52). Let u(k) = 104*k**3 - 47*k**3 + y - 56*k**3 + 12*k - 4 - 13*k**2. Calculate u(12).
8
Let j(u) = -u**2 - 24*u - 100. Let m be j(-19). Let r(s) = 9*s + 49. Let n be r(m). Let g(d) = -d - 4. Let w(l) = 5. Let t(o) = 5*g(o) + 4*w(o). Give t(n).
-20
Let s(i) = i + 7*i**2 - i**2 - 2472 + 2471 + i**2. Give s(1).
7
Let f = 136 + -136. Suppose 5*a + d - 911 = 0, f = 4*a + 4*d + d - 733. Let q(w) = -2 + 1 - 186*w + a*w. Determine q(1).
-5
Let w be (100 - 98)/((-4)/6). Let p(z) = 5*z + 20. What is p(w)?
5
Let o(r) = 2*r + 12. Let q(d) = -2*d + 12. Let i(f) = -o(f) + q(f). Let c(p) = -3*p - 3 + 9 + 2*p. Let n be c(5). Calculate i(n).
-4
Let t(o) be the second derivative of o**3/6 - 429*o. Suppose -3*g + 19 = 4. Suppose 0 = -g*y + 5, a + 1 = -4*y + 5*y. Give t(a).
0
Let c(d) = 3*d + 66. Suppose 8*n - 4 = 7*n + 4*b, -3*n - 18 = -7*b. Calculate c(n).
6
Let h(m) be the first derivative of 72 + 8/3*m**3 - 1/4*m**4 + 4*m + 1/2*m**2. Give h(8).
12
Let i(z) = 3*z**2 + z + 1. Suppose 4*v - 2*w + 3*w = 333, 2*w = -5*v + 414. Suppose v*n + 32 = 100*n. Calculate i(n).
15
Let j(k) = -16 + 4*k**3 + 0*k**2 - 4*k**3 + 15*k**2 + 16*k - k**3. Give j(16).
-16
Let o(p) = p**3 + 2*p**2 - 4*p + 3. Let g = 48 - 40. Let j be 1 + 0 - (-10 + 56/g). Suppose -3*m = 5*l + 19, -4*m - 17 = l + j*l. Calculate o(m).
11
Let j be (24/(-10))/(12/40). Let a(c) = 9*c - 362 + c**2 + 234 + 133. What is a(j)?
-3
Suppose 24 = 2*p + 4*s, -2*p + 4*p + 5*s - 29 = 0. Suppose 0 = p*f + f + 12, 0 = m + 4*f + 15. Let x(g) = 0*g - 50 + 0*g + 3*g**2 + 49. What is x(m)?
2
Let u(h) = -7*h**2 - 85*h - 6. Suppose -3*d - 2*q = 44, 13*d + 5*q = 18*d + 40. Give u(d).
6
Let g be 6/(-9) + (-9)/((-27)/92). Suppose -2*d = 4*w + g, -4*d = -18*w + 14*w. Let k(s) = 4*s + 3. Let t(c) = 5*c + 4. Let r(n) = -6*k(n) + 5*t(n). Give r(w).
-3
Let p(d) = d**2 - 6*d